9
What is the value of -2 - (-70 + 2) - (85 - -1 - 81)?
61
(-2 - (5 + -35)) + (11 - (31 - 10))
18
Calculate -3 + 13 + -3 + (-6 - (-7 + 9 + 15)).
-16
What is 8 + -27 + (1855 - 1944)?
-108
What is the value of 0 + 0 + 3 + -16 + -161 + 164?
-10
What is -48 + (86 - 37) + 8?
9
What is the value of -105 + 11 + (-2 + 3 - (52 - 62))?
-83
22 + (-3 - (55 - (-17 + 20)))
-33
What is the value of 1 - 5 - (21 - (-52 + 59 - -59))?
41
198 - 88 - -4 - 80
34
Calculate 4501 - 4497 - (-49 + 2).
51
Evaluate 2565 + -2582 + (3 + -2 - 2).
-18
Calculate 8 - 18 - (281 - 281).
-10
Evaluate 3 - 41 - (-16 - (28 - 39) - 0).
-33
What is 3 + -4 - (49 - (-4 - -8 - 15))?
-61
-1 + -3 + -77 + 81 + (-23 - (-28 - 13))
18
What is 10 + (-19 - -13) - 11 - -39?
32
Evaluate (-100 - (-112 + 68)) + 4.
-52
Calculate -130 + -9 - (-207 + -22).
90
Evaluate -14 - (-8 - -17) - ((-8 - (6 + -4)) + 6).
-19
Calculate -1 + (-29 - (-9 + (12 + -4 - 0))).
-29
Evaluate -77 - (-365 + 320 - (-2 + -17)).
-51
((-7 - -10) + -3 - (194 + -198)) + 13 + 2
19
What is the value of 11 + 52 + -37 - 10?
16
Evaluate 47 + 3 + (-4 - -18) + -12.
52
Evaluate -50 + 57 - -74 - 99.
-18
What is the value of -7 - (-61 + 51 + -9)?
12
(-99 - -163) + 5 + 17 + 5
91
Calculate 18 + -41 - -15 - (6 + -57 + 8).
35
(0 - (-3 - -1)) + 2101 + -2073
30
What is the value of -17 + 5 - ((69 - 33) + -40)?
-8
Evaluate -63 - ((-2 - 58) + 16 - -23).
-42
What is -39 + 84 - 44 - (-6 + -2 + 33)?
-24
What is the value of 12 + 10 + 12 + -8 + -4 + -148?
-126
Evaluate 132 - ((78 - -158) + -83).
-21
Calculate -22 + (-4 - (25 + -15 + (14 - -61))).
-111
Calculate -1 + 2 + 14 + (11 - 20) + 110 - 5.
111
Calculate 166 + -101 + -29 - 84.
-48
Calculate -108 - (-77 - 31) - (-154 - (1 + -3)).
152
-12 + -14 + (11 - 5) + (-2 - 5 - -2)
-25
What is the value of (-13 - -12 - (-3 - 11) - 0) + -53 + 108?
68
What is the value of -10 - (-6 - (-27 + 36 + -17))?
-12
Calculate 79 + -171 + 23 - -15.
-54
-17 + 46 + -17 + -35 - -4 - 18
-37
Calculate (-9 - 51) + -6 + (-8 - -5) + -3 + 2.
-70
What is the value of 6 + 3 + -10 + (-14 - -3) - (-6 - -1)?
-7
56 + -50 + (4 - -2) + -7 + 1
6
Calculate 15 - (-4 - -17) - (-2 + -46).
50
What is the value of 80 - (2 - -66) - (2 + 86 + 2)?
-78
Calculate 8 + -4 + 31 + -28 + 14.
21
What is 11 + (515 + -513 - (-1 + 0 - -1))?
13
Calculate (-23 - (-9 - 5)) + -5 + 1 + 4 + 47.
38
Calculate 17 + (8 + -3 - 1) + (137 - 173).
-15
-7 + ((-9 - (1 + -2)) + 14 - 37)
-38
What is 56 + -47 + -1 + -15 - -46?
39
Evaluate -12 + (3 + 83 - (-23 + -7 + 41)).
63
Evaluate -15 + (11 - -1 - (-73 - 13 - -63)).
20
(-314 - -301) + (-6 + 2 - -20) + -53
-50
Calculate 94 - (-33 - -54) - 137.
-64
32 - ((760 - 778) + (0 - 11))
61
Evaluate (-27 + 89 - 51) + -31 + 1.
-19
What is 15 - -55 - ((-16 - (4 - 15)) + 17) - -7?
65
Calculate -31 + (-29 - (-5 - 8)) + 11.
-36
Calculate 4217 + -4140 + (-1 - -20) + 1.
97
Calculate 30 + 44 + -80 + 42.
36
(-11 - 1) + (1 - 19 - -25)
-5
(-5 + -17 - -42 - 3) + -65 + -4 + -5
-57
What is the value of -43 + -16 + -3 + 41 + -52?
-73
What is -7 + (-1 - 2) + 9 + -6 + 7 + -45?
-45
What is -83 - 10 - (-47 + -43)?
-3
1543 - 1639 - (1 + (3 - 3) - 19)
-78
Calculate 22 + -55 - (-55 - -134).
-112
Evaluate (-153 - -47) + (138 - 109).
-77
What is 55 + -194 + 185 - (-1 + (-2 - (0 - -1)))?
50
Evaluate 2 + 2 + 7 + -6 + 5 + -18 + -10.
-18
-239 + 137 + (-12 - -183)
69
Evaluate (-113 - -235 - 151) + (-17 - 0).
-46
Evaluate -9 + (68 - (-6 + -5) - -4) + (-5 - -13).
82
63 - -2 - (-149 + 246 + -124)
92
What is 47 + (-45 - (-4 + 34))?
-28
What is the value of 69 + -22 + 8 + 21 + -10?
66
Calculate -2 + 26 - (-748 - -722).
50
0 + -64 - (-23 + -7 + 43 + -7)
-70
56 + -36 - (-10 + 5 + 10) - 3
12
What is -141 - (-199 + 112 - 83)?
29
What is the value of (9 + -21 + -3 - (1 - -123)) + 15 + 0?
-124
What is the value of (75 - 128) + (0 - -54)?
1
-67 + 58 + 122 + -2 + -22
89
What is the value of -31 + (12 - 0) - -4 - -1?
-14
-205 + (20 - -61) - ((1 - -1) + -16)
-110
What is the value of -33 + 35 - (58 + -11 - 0)?
-45
What is -253 + -4 - (-110 + -3)?
-144
Calculate -40 - (-52 + 103 - 106).
15
What is 8 + 60 + -9 + 4 + 14 + 1 + -3?
75
What is the value of -4 + -25 + (3 + -2 - (-8 + 7)) + -6?
-33
What is the value of (-14 + 17 - (-8 + 8 + -3)) + -6?
0
What is 5 - ((-1 - -14 - (13 + 13)) + 60)?
-42
What is the value of -16 - (-237 - -128) - 90?
3
Evaluate -3 + 35 - (-744 - -756).
20
24 + (-9 + 18 - (-42 + 77))
-2
What is the value of -1 + 2 + -1 + 3142 + -3163?
-21
40 + -58 - -53 - (0 - -2)
33
Calculate 63 - (196 + -63 + -22).
-48
What is -12 + 19 + 9 + (0 - 5) - 3?
8
What is (23 - -40) + (-30 - 8)?
25
Evaluate 72 + 27 + -2 + (-12 - 12).
73
What is the value of 0 + (-7 - (-10 - (-5 + (-6 - 12))))?
-20
Evaluate 60 + 13 + (4 - 15) + -21.
41
Calculate (-1111 - -1147) + (-153 - -2) + 4.
-111
663 - 686 - (79 - 1) - (-2 - (-3 + -1))
-103
Evaluate 112 + (17 - -16) + -47 + -7.
91
What is the value of 12 + -66 + 10 + -16?
-60
9 + -7 + -24 + 9 - 13
-26
What is the value of (-7 + -31 + 1 + -3 - -6 - 6) + 0?
-40
What is the value of 43 + -45 - (-39 + 3) - -8?
42
What is the value of (0 - (3 - -6)) + -28 + -16 + 25?
-28
What is the value of (-10 - -20) + -2 - (-169 - -254)?
-77
(1 - 155) + (-33336 - -33382)
-108
Calculate (-5 - (23 - (-14 - -13)) - (-1 - 10)) + -11.
-29
What is the value of -17 + -25 + 74 + 18?
50
Evaluate (-117 - (-45 + -26 + 13)) + (-16 - 0).
-75
Evaluate 2 + -25 - -7 - 70 - 22.
-108
Evaluate (7 - 140) + -35 + 19 + 25 + -29.
-153
What is (0 - (14 + 3)) + -36 + (87 - 92)?
-58
What is the value of -8 + 6 + 9 + 2 + -10 - -64?
63
Evaluate 47 + -6 + (34 - -70 - 71).
74
Calculate 9 + (1 - 1) - (-48 + 3 - (-306 - -256)).
4
Calculate -19 + (-26 - (2 - (22 + -5))).
-30
What is the value of -11 - (9 + (-18 + -24 - -13))?
9
31 + -12 - 87 - 9 - -3 - (-3 + 2)
-73
What is 16 + 5 + 13 + -7?
27
Evaluate 1 + (14 - (-10 + 16)) + (-3 - 37).
-31
Calculate 78 - -2 - ((2 - -40) + (-65 - -26)).
77
Evaluate -6 + 0 + (-5 - 2 - (445 + -467)).
9
Evaluate (-441 - -402 - (1 + -95)) + 0 + -6.
49
What is the value of (-4 - (-1 - -3 - -41)) + (36 - 27)?
-38
Evaluate -68 - (24 + -146 + 64).
-10
Calculate (98 - (120 + -94)) + -106.
-34
What is -5 + 10 + 113 - (2 - (-43 + 26))?
99
Calculate -8 - (2 - (49 - (10 - (6 + -2)))).
33
What is 45 - (-132 + -16) - 86?
107
Calculate 24 + 1 + -11 + -11 + 5.
8
(-922 - -1009) + -1 + -53
33
Evaluate (-47 + (-51 - -61) - (-1 - 4)) + 11.
-21
Calculate 65 - 44 - (19 + -33).
35
Calculate 1 + (-2 - (-2 + -21 + 0)) + 95 + -103.
14
What is the value of -17 - (270 - 134) - -38?
-115
(-77 + 85 - (9 - 1)) + (-3 - 7) + 7
-3
Evaluate 30 + (-18 - (-3 + 0)) - 7.
8
Calculate 19 + (12 - 198) + (0 - -9 - -15).
-143
Evaluate 55 + -60 - (6 - (8 + (6 - -2))).
5
What is -15 + -3 + 1 + 18?
1
Evaluate -85 + (177 - 52 - 64).
-24
Calculate -7 + -86 + 46 + 112.
65
What is -46 - -6 - -3 - -6 - -140?
109
Evaluate 24 - (-8 - (-41 - 2)).
-11
8 - (12 - (31 - 6) - (21 - 3))
39
Calculate -34 - (-25 + (8 - 5)) - 21.
-33
Evaluate (36 + -37 + -36 - -3) + -14 + 3.
-45
What is (-32 - -42 - 28) + 40?
22
What is (-2424 - -2412) + -4 + 115?
99
What is the value of (19 - -1 - (-388 - -387)) + (58 - -26)?
105
Evaluate (18 - 30) + 44 - (-31 + 15).
48
Evaluate 59 + (31 - 47) - (2 - -1).
40
What is the value of -7 + (4 - -40 - (3 - 4 - -14))?
24
Evaluate (43 - (-3 - 0 - -2)) + (67 - -64) + -118.
57
What is the value of 17 + (-43 + 6 - 8)?
-28
44 + (-272 - -98) - -163
33
What is the value of -80 + 33 + 56 - 138?
-129
What is -6 - (-16 - (21 + -40) - -11)?
-20
Calculate -1 + 14 - (-1485 - -1530).
-32
Evaluate -3 + (-6 - -13) + -5 + -60 + -4.
-65
Calculate -3 + (0 - 0) + -12 + -22 + 28 + 38.
29
What is the value of (12 - ((8 - 14) + 79)) + (-13 + 5 - -11)?
-58
-29 + 21 + -25 - (-23 + 5) - -73
58
(16 - (-11 - -1) - -16) + (-9 - 0)
33
What is -30 + -29 + (-53 - -135)?
23
What is the value of -50 + -19 + -39 - -56?
-52
Calculate (-21 - -33) + (-32 - -6) + (24 - 16).
-6
Calculate (-155 - -146 - (-20 - 1)) + 15.
27
What is (25 - (17 + (-6 - -12) - 13)) + -69?
-54
What is 16 + (-54 - -13) + -2 - (-10 + -1)?
-16
-5 - (30 + -83 - -46)
2
Calculate (2 - -1) + 137 + (6 - -1 - 25 - -14).
136
-16 + 90 + -9 + -66
-1
What is the value of -18 + 10 + 1 + (-7 - 5) + -8?
-27
What is 2 + -132 + (-58 - -23 - (-7 - 27))?
-131
What is the value of